{"id":1079,"date":"2019-01-23T06:31:31","date_gmt":"2019-01-23T06:31:31","guid":{"rendered":"http:\/\/passioneciociaria.it\/index.php\/about-us\/"},"modified":"2021-09-22T18:07:04","modified_gmt":"2021-09-22T16:07:04","slug":"about-us","status":"publish","type":"page","link":"https:\/\/passioneciociaria.it\/?page_id=1079","title":{"rendered":"About Us"},"content":{"rendered":"\t\t<div data-elementor-type=\"wp-post\" data-elementor-id=\"1079\" class=\"elementor elementor-1079\" data-elementor-settings=\"[]\">\n\t\t\t\t\t\t<div class=\"elementor-inner\">\n\t\t\t\t\t\t\t<div class=\"elementor-section-wrap\">\n\t\t\t\t\t\t\t<section class=\"elementor-section elementor-top-section elementor-element elementor-element-6ccdc95 elementor-section-content-middle elementor-section-boxed elementor-section-height-default elementor-section-height-default\" data-id=\"6ccdc95\" data-element_type=\"section\" data-settings=\"{&quot;background_background&quot;:&quot;classic&quot;}\">\n\t\t\t\t\t\t\t<div class=\"elementor-background-overlay\"><\/div>\n\t\t\t\t\t\t\t<div class=\"elementor-container elementor-column-gap-no\">\n\t\t\t\t\t\t\t<div class=\"elementor-row\">\n\t\t\t\t\t<div class=\"elementor-column elementor-col-100 elementor-top-column elementor-element elementor-element-4f6adc0\" data-id=\"4f6adc0\" data-element_type=\"column\">\n\t\t\t<div class=\"elementor-column-wrap elementor-element-populated\">\n\t\t\t\t\t\t\t<div class=\"elementor-widget-wrap\">\n\t\t\t\t\t\t<div class=\"elementor-element elementor-element-179c706 elementor-widget elementor-widget-heading\" data-id=\"179c706\" data-element_type=\"widget\" data-widget_type=\"heading.default\">\n\t\t\t\t<div class=\"elementor-widget-container\">\n\t\t\t<h1 class=\"elementor-heading-title elementor-size-default\">Chi Siamo<\/h1>\t\t<\/div>\n\t\t\t\t<\/div>\n\t\t\t\t\t\t<\/div>\n\t\t\t\t\t<\/div>\n\t\t<\/div>\n\t\t\t\t\t\t\t\t<\/div>\n\t\t\t\t\t<\/div>\n\t\t<\/section>\n\t\t\t\t<section class=\"elementor-section elementor-top-section elementor-element elementor-element-4a5d220 elementor-section-boxed elementor-section-height-default elementor-section-height-default\" data-id=\"4a5d220\" data-element_type=\"section\">\n\t\t\t\t\t\t<div class=\"elementor-container elementor-column-gap-no\">\n\t\t\t\t\t\t\t<div class=\"elementor-row\">\n\t\t\t\t\t<div class=\"elementor-column elementor-col-33 elementor-top-column elementor-element elementor-element-737ec4c\" data-id=\"737ec4c\" data-element_type=\"column\">\n\t\t\t<div class=\"elementor-column-wrap elementor-element-populated\">\n\t\t\t\t\t\t\t<div class=\"elementor-widget-wrap\">\n\t\t\t\t\t\t<div class=\"elementor-element elementor-element-efb0e9a elementor-widget elementor-widget-heading\" data-id=\"efb0e9a\" data-element_type=\"widget\" data-widget_type=\"heading.default\">\n\t\t\t\t<div class=\"elementor-widget-container\">\n\t\t\t<h3 class=\"elementor-heading-title elementor-size-default\">Abbiamo selezionato i migliori prodotti Ciociari<\/h3>\t\t<\/div>\n\t\t\t\t<\/div>\n\t\t\t\t\t\t<\/div>\n\t\t\t\t\t<\/div>\n\t\t<\/div>\n\t\t\t\t<div class=\"elementor-column elementor-col-66 elementor-top-column elementor-element elementor-element-e6bc9af\" data-id=\"e6bc9af\" data-element_type=\"column\">\n\t\t\t<div class=\"elementor-column-wrap elementor-element-populated\">\n\t\t\t\t\t\t\t<div class=\"elementor-widget-wrap\">\n\t\t\t\t\t\t<div class=\"elementor-element elementor-element-8bf9f70 elementor-widget elementor-widget-text-editor\" data-id=\"8bf9f70\" data-element_type=\"widget\" data-widget_type=\"text-editor.default\">\n\t\t\t\t<div class=\"elementor-widget-container\">\n\t\t\t\t\t<div class=\"elementor-text-editor elementor-clearfix\"><p>La Ciociaria \u00e8 una <em>&#8220;regione storica&#8221;<\/em>&nbsp;nel cuore del&nbsp;<strong>Lazio<\/strong>, al confine con Campania, Abruzzo e Molise, a met\u00e0 strada tra&nbsp;<strong>Roma<\/strong>&nbsp;(a nord) e&nbsp;<strong>Napoli<\/strong>&nbsp;(a sud).<br>La sua posizione intermedia tra&nbsp;<strong>mare<\/strong>,&nbsp;<strong>montagna<\/strong>&nbsp;e&nbsp;<strong>citt\u00e0<\/strong>&nbsp;la pone in modo del tutto naturale per un&nbsp; tour enogastronomico e culturale, essendo ricca di bellezze architettoniche millenarie e prodotti genuini e tradizionali<\/p><\/div>\n\t\t\t\t<\/div>\n\t\t\t\t<\/div>\n\t\t\t\t\t\t<\/div>\n\t\t\t\t\t<\/div>\n\t\t<\/div>\n\t\t\t\t\t\t\t\t<\/div>\n\t\t\t\t\t<\/div>\n\t\t<\/section>\n\t\t\t\t<section class=\"elementor-section elementor-top-section elementor-element elementor-element-0df26d1 elementor-section-boxed elementor-section-height-default elementor-section-height-default\" data-id=\"0df26d1\" data-element_type=\"section\">\n\t\t\t\t\t\t<div class=\"elementor-container elementor-column-gap-default\">\n\t\t\t\t\t\t\t<div class=\"elementor-row\">\n\t\t\t\t\t<div class=\"elementor-column elementor-col-100 elementor-top-column elementor-element elementor-element-4d90120\" data-id=\"4d90120\" data-element_type=\"column\">\n\t\t\t<div class=\"elementor-column-wrap elementor-element-populated\">\n\t\t\t\t\t\t\t<div class=\"elementor-widget-wrap\">\n\t\t\t\t\t\t<div class=\"elementor-element elementor-element-d2575f2 elementor-widget elementor-widget-image\" data-id=\"d2575f2\" data-element_type=\"widget\" data-widget_type=\"image.default\">\n\t\t\t\t<div class=\"elementor-widget-container\">\n\t\t\t\t\t<div class=\"elementor-image\">\n\t\t\t\t\t\t\t\t\t\t<img decoding=\"async\" src=\"https:\/\/passioneciociaria.it\/wp-content\/uploads\/2021\/09\/foto-immagine-copertina-passione-ciociaria3.jpg\" title=\"foto-immagine-copertina-passione-ciociaria3\" alt=\"foto-immagine-copertina-passione-ciociaria3\" \/>\t\t\t\t\t\t\t\t\t\t\t<\/div>\n\t\t\t\t<\/div>\n\t\t\t\t<\/div>\n\t\t\t\t\t\t<\/div>\n\t\t\t\t\t<\/div>\n\t\t<\/div>\n\t\t\t\t\t\t\t\t<\/div>\n\t\t\t\t\t<\/div>\n\t\t<\/section>\n\t\t\t\t<section class=\"elementor-section elementor-top-section elementor-element elementor-element-a400379 elementor-section-content-middle elementor-section-boxed elementor-section-height-default elementor-section-height-default\" data-id=\"a400379\" data-element_type=\"section\" data-settings=\"{&quot;background_background&quot;:&quot;classic&quot;}\">\n\t\t\t\t\t\t<div class=\"elementor-container elementor-column-gap-no\">\n\t\t\t\t\t\t\t<div class=\"elementor-row\">\n\t\t\t\t\t<div class=\"elementor-column elementor-col-100 elementor-top-column elementor-element elementor-element-c9222c3\" data-id=\"c9222c3\" data-element_type=\"column\">\n\t\t\t<div class=\"elementor-column-wrap elementor-element-populated\">\n\t\t\t\t\t\t\t<div class=\"elementor-widget-wrap\">\n\t\t\t\t\t\t<div class=\"elementor-element elementor-element-7e489a2 elementor-widget elementor-widget-heading\" data-id=\"7e489a2\" data-element_type=\"widget\" data-widget_type=\"heading.default\">\n\t\t\t\t<div class=\"elementor-widget-container\">\n\t\t\t<h2 class=\"elementor-heading-title elementor-size-default\">La nostra idea!<\/h2>\t\t<\/div>\n\t\t\t\t<\/div>\n\t\t\t\t<div class=\"elementor-element elementor-element-b2657e0 elementor-widget elementor-widget-text-editor\" data-id=\"b2657e0\" data-element_type=\"widget\" data-widget_type=\"text-editor.default\">\n\t\t\t\t<div class=\"elementor-widget-container\">\n\t\t\t\t\t<div class=\"elementor-text-editor elementor-clearfix\"><p><strong>Passione Ciociaria<\/strong> \u00e8 una Start-Up innovativa che nasce a Frosinone nel dicembre 2020 grazie a Silvia Filonardi, un\u2019imprenditrice agricola , con l\u2019idea di far<strong> conoscere ed esportare le eccellenze enogastronomiche Ciociare ed il suo territorio<\/strong>, anche al di fuori dell\u2019area locale e <strong>portare il gusto autentico della nostra terra direttamente a casa tua.<\/strong><br \/>Passione Ciociaria <strong>vuole cambiare il modo in cui le persone acquistano l\u2019enogastronomia tipica online<\/strong>, selezionando e garantendo tutte le eccellenze della<strong> tradizione ciociara, dai vini, carni, salse, miele, confetture, olio Extravergine di Oliva, arrivando a formaggi e salumi<\/strong>, e raccontando le storie delle aziende e degli artigiani appartenenti unicamente all\u2019associazione COLDIRETTI <br \/><strong>Promuoviamo l\u2019italianit\u00e0<\/strong>, per far si che la cultura della nostra terra non vada persa nel tempo ma che mantenga <strong>un\u2019identit\u00e0 tale da preservarsi in futuro.<\/strong><\/p><\/div>\n\t\t\t\t<\/div>\n\t\t\t\t<\/div>\n\t\t\t\t\t\t<\/div>\n\t\t\t\t\t<\/div>\n\t\t<\/div>\n\t\t\t\t\t\t\t\t<\/div>\n\t\t\t\t\t<\/div>\n\t\t<\/section>\n\t\t\t\t<section class=\"elementor-section elementor-top-section elementor-element elementor-element-7720022 elementor-section-boxed elementor-section-height-default elementor-section-height-default\" data-id=\"7720022\" data-element_type=\"section\">\n\t\t\t\t\t\t<div class=\"elementor-container elementor-column-gap-default\">\n\t\t\t\t\t\t\t<div class=\"elementor-row\">\n\t\t\t\t\t<div class=\"elementor-column elementor-col-100 elementor-top-column elementor-element elementor-element-e139c82\" data-id=\"e139c82\" data-element_type=\"column\">\n\t\t\t<div class=\"elementor-column-wrap elementor-element-populated\">\n\t\t\t\t\t\t\t<div class=\"elementor-widget-wrap\">\n\t\t\t\t\t\t<div class=\"elementor-element elementor-element-92b5b60 elementor-widget elementor-widget-text-editor\" data-id=\"92b5b60\" data-element_type=\"widget\" data-widget_type=\"text-editor.default\">\n\t\t\t\t<div class=\"elementor-widget-container\">\n\t\t\t\t\t<div class=\"elementor-text-editor elementor-clearfix\"><h2>Perch\u00e8<strong> Acquistare Su Passione Ciociaria<\/strong><\/h2><p>Perch\u00e8 garantiamo la qualit\u00e0 dei nostri prodotti e perch\u00e8 acquistare Prodotti Tipici Ciociari \u00e8 semplice e veloce. I tuoi prodotti preferiti saranno spediti a casa tua nel giro di pochi giorni, in totale sicurezza e tranquillit\u00e0.<\/p><h2><strong>Come garantiamo la qualit\u00e0 dei prodotti?<\/strong><\/h2><p>Il lavoro di selezione dei prodotti di Passione Ciociaria \u00e8 un processo lungo e meticoloso che si ripete per ogni prodotto e produttore e pu\u00f2 essere riassunto in 2 fasi :<\/p><p><strong>1. Contattiamo ed incontriamo i nuovi produttori,<\/strong> li conosciamo personalmente e cerchiamo di capire la loro metodologia di lavoro.<\/p><p><strong>2. Selezioniamo i migliori prodotti di ogni produttore inserendolo all\u2019 interno del nostro sito web e proponendolo ai nostri Clienti.<\/strong> Seguendo questo procedimento, Passione Ciociaria, si assicura di avere all\u2019interno del proprio catalogo prodotti 100% Made In Ciociaria e di assoluta qualit\u00e0. <br \/>Inoltre, i nostri prodotti provengono esclusivamente da piccole e medie imprese di nicchia ed alta qualit\u00e0, difficilmente reperibili al di fuori della Ciociaria.<\/p><p><img loading=\"lazy\" decoding=\"async\" class=\"aligncenter wp-image-1652 size-large\" src=\"https:\/\/passioneciociaria.it\/wp-content\/uploads\/2021\/03\/silvia-Filonrdi-passione-ciociaria-768x1024.jpeg\" alt=\"\" width=\"768\" height=\"1024\" srcset=\"https:\/\/passioneciociaria.it\/wp-content\/uploads\/2021\/03\/silvia-Filonrdi-passione-ciociaria-768x1024.jpeg 768w, https:\/\/passioneciociaria.it\/wp-content\/uploads\/2021\/03\/silvia-Filonrdi-passione-ciociaria-225x300.jpeg 225w, https:\/\/passioneciociaria.it\/wp-content\/uploads\/2021\/03\/silvia-Filonrdi-passione-ciociaria-1152x1536.jpeg 1152w, https:\/\/passioneciociaria.it\/wp-content\/uploads\/2021\/03\/silvia-Filonrdi-passione-ciociaria-600x800.jpeg 600w, https:\/\/passioneciociaria.it\/wp-content\/uploads\/2021\/03\/silvia-Filonrdi-passione-ciociaria.jpeg 1200w\" sizes=\"auto, (max-width: 768px) 100vw, 768px\" \/><\/p><p><strong>Progetto presentato nel 2020 per la realizzazione di un sistema di vendita online dei prodotti, per la prenotazione con ritiro in sede, finanziato dall&#8217;ARSIAL nell&#8217;ambito dell&#8217;avviso pubblico &#8220;(p)Orto Sicuro per la concessione di contributi a fondo perduto, per progetti finalizzati al sostegno della filiera agricola attraverso consegna a domicilio dei prodotti agroalimentari del Lazio, di cui alla Determinazione del Direttore Generale N. 191 DEL 10 APRILE 2020 &#8211; ARSIAL<\/strong><\/p><\/div>\n\t\t\t\t<\/div>\n\t\t\t\t<\/div>\n\t\t\t\t\t\t<\/div>\n\t\t\t\t\t<\/div>\n\t\t<\/div>\n\t\t\t\t\t\t\t\t<\/div>\n\t\t\t\t\t<\/div>\n\t\t<\/section>\n\t\t\t\t<section class=\"elementor-section elementor-top-section elementor-element elementor-element-3ebe091 elementor-section-boxed elementor-section-height-default elementor-section-height-default\" data-id=\"3ebe091\" data-element_type=\"section\">\n\t\t\t\t\t\t<div class=\"elementor-container elementor-column-gap-default\">\n\t\t\t\t\t\t\t<div class=\"elementor-row\">\n\t\t\t\t\t<div class=\"elementor-column elementor-col-100 elementor-top-column elementor-element elementor-element-bb8deb6\" data-id=\"bb8deb6\" data-element_type=\"column\">\n\t\t\t<div class=\"elementor-column-wrap elementor-element-populated\">\n\t\t\t\t\t\t\t<div class=\"elementor-widget-wrap\">\n\t\t\t\t\t\t<div class=\"elementor-element elementor-element-dd469cb elementor-widget elementor-widget-image\" data-id=\"dd469cb\" data-element_type=\"widget\" data-widget_type=\"image.default\">\n\t\t\t\t<div class=\"elementor-widget-container\">\n\t\t\t\t\t<div class=\"elementor-image\">\n\t\t\t\t\t\t\t\t\t\t<img loading=\"lazy\" decoding=\"async\" width=\"300\" height=\"60\" src=\"https:\/\/passioneciociaria.it\/wp-content\/uploads\/2020\/12\/arsial-300x60.jpg\" class=\"attachment-medium size-medium\" alt=\"\" srcset=\"https:\/\/passioneciociaria.it\/wp-content\/uploads\/2020\/12\/arsial-300x60.jpg 300w, https:\/\/passioneciociaria.it\/wp-content\/uploads\/2020\/12\/arsial-1024x203.jpg 1024w, https:\/\/passioneciociaria.it\/wp-content\/uploads\/2020\/12\/arsial-768x152.jpg 768w, https:\/\/passioneciociaria.it\/wp-content\/uploads\/2020\/12\/arsial-600x119.jpg 600w, https:\/\/passioneciociaria.it\/wp-content\/uploads\/2020\/12\/arsial.jpg 1169w\" sizes=\"auto, (max-width: 300px) 100vw, 300px\" \/>\t\t\t\t\t\t\t\t\t\t\t<\/div>\n\t\t\t\t<\/div>\n\t\t\t\t<\/div>\n\t\t\t\t\t\t<\/div>\n\t\t\t\t\t<\/div>\n\t\t<\/div>\n\t\t\t\t\t\t\t\t<\/div>\n\t\t\t\t\t<\/div>\n\t\t<\/section>\n\t\t\t\t\t\t<\/div>\n\t\t\t\t\t\t<\/div>\n\t\t\t\t\t<\/div>\n\t\t","protected":false},"excerpt":{"rendered":"<p>Chi Siamo Abbiamo selezionato i migliori prodotti Ciociari La Ciociaria \u00e8 una &#8220;regione storica&#8221;&nbsp;nel cuore del&nbsp;Lazio, al confine con Campania, Abruzzo e Molise, a met\u00e0 strada tra&nbsp;Roma&nbsp;(a nord) e&nbsp;Napoli&nbsp;(a sud).La sua posizione intermedia tra&nbsp;mare,&nbsp;montagna&nbsp;e&nbsp;citt\u00e0&nbsp;la pone in modo del tutto naturale per un&nbsp; tour enogastronomico e culturale, essendo ricca di bellezze architettoniche millenarie e prodotti genuini &hellip;<\/p>\n<p class=\"read-more\"> <a class=\"\" href=\"https:\/\/passioneciociaria.it\/?page_id=1079\"> <span class=\"screen-reader-text\">About Us<\/span> Leggi altro &raquo;<\/a><\/p>\n","protected":false},"author":1,"featured_media":0,"parent":0,"menu_order":0,"comment_status":"closed","ping_status":"closed","template":"","meta":{"footnotes":""},"class_list":["post-1079","page","type-page","status-publish","hentry"],"_links":{"self":[{"href":"https:\/\/passioneciociaria.it\/index.php?rest_route=\/wp\/v2\/pages\/1079","targetHints":{"allow":["GET"]}}],"collection":[{"href":"https:\/\/passioneciociaria.it\/index.php?rest_route=\/wp\/v2\/pages"}],"about":[{"href":"https:\/\/passioneciociaria.it\/index.php?rest_route=\/wp\/v2\/types\/page"}],"author":[{"embeddable":true,"href":"https:\/\/passioneciociaria.it\/index.php?rest_route=\/wp\/v2\/users\/1"}],"replies":[{"embeddable":true,"href":"https:\/\/passioneciociaria.it\/index.php?rest_route=%2Fwp%2Fv2%2Fcomments&post=1079"}],"version-history":[{"count":27,"href":"https:\/\/passioneciociaria.it\/index.php?rest_route=\/wp\/v2\/pages\/1079\/revisions"}],"predecessor-version":[{"id":1858,"href":"https:\/\/passioneciociaria.it\/index.php?rest_route=\/wp\/v2\/pages\/1079\/revisions\/1858"}],"wp:attachment":[{"href":"https:\/\/passioneciociaria.it\/index.php?rest_route=%2Fwp%2Fv2%2Fmedia&parent=1079"}],"curies":[{"name":"wp","href":"https:\/\/api.w.org\/{rel}","templated":true}]}}